{"id":200518,"date":"2021-12-02T10:19:02","date_gmt":"2021-12-02T10:19:02","guid":{"rendered":"https:\/\/lemontsaintmichel.fr\/produit\/uncategorized\/la-veste-des-petits-travailleurs\/"},"modified":"2026-04-24T10:41:31","modified_gmt":"2026-04-24T08:41:31","slug":"la-veste-des-petits-travailleurs","status":"publish","type":"product","link":"https:\/\/lemontsaintmichel.fr\/en\/product\/work-jacket\/1913-work-jacket\/child\/la-veste-des-petits-travailleurs\/","title":{"rendered":"La Veste des Petits Travailleurs"},"content":{"rendered":"<p><span data-sheets-root=\"1\" data-sheets-value=\"{\"1\":2,\"2\":\"Cette veste est sp\u00e9cialement ajust\u00e9e pour les enfants, tout en conservant les caract\u00e9ristiques embl\u00e9matiques de nos vestes pour adultes. Elle propose une coupe droite avec trois poches plaqu\u00e9es et un boutonnage apparent orn\u00e9 de boutons en corozo naturel. Les coutures rabattues renforcent la durabilit\u00e9, et l'int\u00e9rieur non doubl\u00e9 assure le confort tout au long de l'ann\u00e9e. Disponible en plusieurs tailles pour s'adapter parfaitement \u00e0 la croissance des enfants, chaque veste est aussi num\u00e9rot\u00e9e \u00e0 la main, rendant chaque pi\u00e8ce unique.\"}\" data-sheets-userformat=\"{\"2\":9155,\"3\":{\"1\":0},\"4\":{\"1\":2,\"2\":14281427},\"9\":1,\"10\":1,\"11\":4,\"12\":0,\"16\":7}\">This jacket is specially tailored for children, while retaining the iconic features of our adult jackets. It features a straight cut with three patch pockets and exposed buttoning adorned with natural corozo buttons. Folded seams enhance durability, and the unlined interior ensures year-round comfort. Available in a range of sizes to perfectly accommodate growing children, each jacket is also hand-numbered, making each piece unique.   <\/span><\/p>\n<p><strong>Felix wears the blue jacket in size 11\/12.<\/strong><\/p>\n<p><strong>Pia is 9 years old, 1m31 tall and wears the khaki jacket in size 9\/10.<\/strong><\/p>\n<p><strong>Josephine is 5 years old, 1m11 tall and wears the yellow jacket in size 7\/8.<\/strong><\/p>\n<p><strong>Edm\u00e9e is 1m37 tall and wears the pink jacket in size 9\/10.<\/strong><\/p>\n<p><strong>C\u00e9leste wears the pink jacket in size 11\/12.<\/strong><\/p>\n<p><strong>Scarlett is 1.55m tall and wears the women&#8217;s blue jacket in size 36.<\/strong><\/p>\n<p><strong>Ir\u00e9lian is 1m61 tall and wears the men&#8217;s blue jacket in size 42.  <\/strong><\/p>\n","protected":false},"excerpt":{"rendered":"<p>Rediscover timeless robustness with our children&#8217;s work jacket, &#8220;La Veste de Travail des Petits Travailleurs&#8221;. Made from 100% French cotton moleskin, this jacket features an exceptionally tight weave for remarkable resistance. Perfectly suited to dynamic activities such as DIY, gardening or outdoor play, it is designed to last a lifetime.  <\/p>\n","protected":false},"featured_media":196739,"template":"","meta":{"_acf_changed":false},"product_brand":[16815],"product_cat":[10646,10648,10647,10625],"product_tag":[],"class_list":{"0":"post-200518","1":"product","2":"type-product","3":"status-publish","4":"has-post-thumbnail","6":"product_brand-le-mont-st-michel-en","7":"product_cat-1913-work-jacket","8":"product_cat-child","9":"product_cat-configurator","10":"product_cat-work-jacket","11":"pa_composition-100-cotton","12":"pa_fabrication-the-jacket-is-made-entirely-in-europe-demonstrating-our-commitment-to-excellence-and-ethical-production-standards","13":"pa_le-mot-de-alexandre-et-marie-in-creating-la-veste-des-petits-travailleurs-we-wanted-to-offer-a-high-quality-garment-for-children-that-combines-durability-and-functionality-its-a-jacket-designed-for-accomp","14":"pa_matiere-et-entretien-made-from-cotton-moleskin-produced-by-an-expert-french-workshop-our-jacket-combines-tradition-and-innovation-easy-care-fabric","15":"pa_modele-work-jacket","17":"first","18":"instock","19":"taxable","20":"shipping-taxable","21":"purchasable","22":"product-type-variable"},"acf":[],"_links":{"self":[{"href":"https:\/\/lemontsaintmichel.fr\/en\/wp-json\/wp\/v2\/product\/200518","targetHints":{"allow":["GET"]}}],"collection":[{"href":"https:\/\/lemontsaintmichel.fr\/en\/wp-json\/wp\/v2\/product"}],"about":[{"href":"https:\/\/lemontsaintmichel.fr\/en\/wp-json\/wp\/v2\/types\/product"}],"wp:featuredmedia":[{"embeddable":true,"href":"https:\/\/lemontsaintmichel.fr\/en\/wp-json\/wp\/v2\/media\/196739"}],"wp:attachment":[{"href":"https:\/\/lemontsaintmichel.fr\/en\/wp-json\/wp\/v2\/media?parent=200518"}],"wp:term":[{"taxonomy":"product_brand","embeddable":true,"href":"https:\/\/lemontsaintmichel.fr\/en\/wp-json\/wp\/v2\/product_brand?post=200518"},{"taxonomy":"product_cat","embeddable":true,"href":"https:\/\/lemontsaintmichel.fr\/en\/wp-json\/wp\/v2\/product_cat?post=200518"},{"taxonomy":"product_tag","embeddable":true,"href":"https:\/\/lemontsaintmichel.fr\/en\/wp-json\/wp\/v2\/product_tag?post=200518"}],"curies":[{"name":"wp","href":"https:\/\/api.w.org\/{rel}","templated":true}]}}

<p><span data-sheets-root="1" data-sheets-value="{"1":2,"2":"Cette veste est spécialement ajustée pour les enfants, tout en conservant les caractéristiques emblématiques de nos vestes pour adultes. Elle propose une coupe droite avec trois poches plaquées et un boutonnage apparent orné de boutons en corozo naturel. Les coutures rabattues renforcent la durabilité, et l'intérieur non doublé assure le confort tout au long de l'année. Disponible en plusieurs tailles pour s'adapter parfaitement à la croissance des enfants, chaque veste est aussi numérotée à la main, rendant chaque pièce unique."}" data-sheets-userformat="{"2":9155,"3":{"1":0},"4":{"1":2,"2":14281427},"9":1,"10":1,"11":4,"12":0,"16":7}">This jacket is specially tailored for children, while retaining the iconic features of our adult jackets. It features a straight cut with three patch pockets and exposed buttoning adorned with natural corozo buttons. Folded seams enhance durability, and the unlined interior ensures year-round comfort. Available in a range of sizes to perfectly accommodate growing children, each jacket is also hand-numbered, making each piece unique.   </span></p>
<p><strong>Felix wears the blue jacket in size 11/12.</strong></p>
<p><strong>Pia is 9 years old, 1m31 tall and wears the khaki jacket in size 9/10.</strong></p>
<p><strong>Josephine is 5 years old, 1m11 tall and wears the yellow jacket in size 7/8.</strong></p>
<p><strong>Edmée is 1m37 tall and wears the pink jacket in size 9/10.</strong></p>
<p><strong>Céleste wears the pink jacket in size 11/12.</strong></p>
<p><strong>Scarlett is 1.55m tall and wears the women&#8217;s blue jacket in size 36.</strong></p>
<p><strong>Irélian is 1m61 tall and wears the men&#8217;s blue jacket in size 42.  </strong></p>
